 by 9.
7
Suppose -3*p + 4*p - 124 = -5*m, -3*p + 2*m = -304. What is the remainder when 67 is divided by 4/(-10) + p/10?
7
Suppose -26 - 25 = 4*r + a, -a + 33 = -3*r. Let b be 0*(-3)/r + 2. Suppose -3*j + 7 = -b*j. What is the remainder when 13 is divided by j?
6
Let q be 1/(-2)*0/2. Suppose q = 3*g - 69 - 120. Calculate the remainder when g is divided by 16.
15
Suppose -8*y + 351 = y. Suppose 3*l - p = 39, -4*l - 2*p - p + y = 0. What is the remainder when 23 is divided by l?
11
Let v = 146 - 144. Calculate the remainder when 19/2 - 1/(-2) is divided by v.
0
Let d be 6/(-2)*(-4)/(-6). What is the remainder when (138/24)/(d/(-8)) is divided by 6?
5
Suppose -20*k + 864 = 4*k. Calculate the remainder when k is divided by 18.
0
Let x(s) = 3*s**2 + 23*s + 48. Calculate the remainder when 238 is divided by x(-9).
70
Suppose -w - 19 = -6*w + 2*g, 3 = g. Let b(t) = -t**3 - 21*t**2 - 23*t - 33. Calculate the remainder when b(-20) is divided by w.
2
Let a be ((36/5)/3)/(7/140). What is the remainder when 41 is divided by -1*(-4 + a)/(-2)?
19
Let v(o) = o**3 + 5*o**2 + 4*o + 2. Suppose -5*q - 22 + 7 = 0. Calculate the remainder when -1 + -3 + (16 - q) is divided by v(-3).
7
Let f(o) = 2*o**3 + 18*o**2 + 66*o + 409. What is the remainder when f(-7) is divided by 34?
7
Suppose 8*s - 497 + 401 = 0. Calculate the remainder when 30 is divided by s.
6
Let y(t) be the second derivative of -11*t**5/5 + t**4/12 - t**2/2 - 2*t. Suppose 5*j = 3*j + 30. What is the remainder when y(-1) is divided by j?
14
Suppose -7 = 4*k - 5*l - 0, 4*k - 2 = 2*l. Suppose 2*h - 2 = -2*f - k*h, f + 3*h = 0. Calculate the remainder when 6/4*(-16)/(-3 + -5) is divided by f.
0
Let r = -339 + 345. What is the remainder when 309 is divided by r?
3
Let a(k) = -54*k + 7. Let q be a(-8). Suppose -3*m - m + q = y, -m + 3*y + 126 = 0. Calculate the remainder when m is divided by 19.
16
Suppose 5*v - 7*v = 5*d - 843, -3*d = -v + 427. Calculate the remainder when v is divided by 7.
4
What is the remainder when (-32)/208 + 9336/13 is divided by 18?
16
Let r = -1 + 7. Calculate the remainder when r is divided by ((-165)/231)/((-1)/7).
1
Let o = 31 - 28. Suppose o*j + 2*j = 20. What is the remainder when j is divided by 2?
0
Suppose v = -2 + 7. Suppose -x = -5*l - 6*x + 235, -v*x = 15. Suppose 0 = -5*b + c + 4*c + 55, -2*b + l = 5*c. Calculate the remainder when b is divided by 6.
3
Let u(n) = 4*n + 130. What is the remainder when u(-13) is divided by 10?
8
Let i = 167 + -97. Calculate the remainder when 59 is divided by (-94)/(-10) - (-42)/i.
9
Let q(f) = 19*f**2 - 10*f - 9. Calculate the remainder when 110 is divided by q(-1).
10
Let k(l) = -l**2 - 46*l - 14. What is the remainder when k(-24) is divided by 43?
41
Let t = 46 + 2. Let h = t + -41. Calculate the remainder when 27 is divided by h.
6
Let t(p) = -8*p - 13. Let q(f) = -f**2 - 14*f + 11. Let o = -2 - 13. Let y be q(o). What is the remainder when 56 is divided by t(y)?
18
Let w = 51 - 8. Suppose 5*x + z - w = 0, 3*x - 3*z + 39 = 8*x. Calculate the remainder when 17 is divided by x.
8
Suppose 0 = 25*v - 597 - 1303. What is the remainder when 246 is divided by v?
18
Let c = -560 - -582. What is the remainder when 41 is divided by c?
19
Let l be 3 - -1 - (-256)/4. Let p = l - 45. Let t = -1 - -14. Calculate the remainder when p is divided by t.
10
Suppose -2*x = 21 + 35. Let k = 30 + x. Suppose -222 = -3*g - 3*f, -4*g + 3*g = k*f - 69. What is the remainder when g is divided by 20?
19
Let m = 0 + 4. Calculate the remainder when 27 + ((-9)/6)/((-9)/(-24)) is divided by 13/2*m/2.
10
Let u(h) be the first derivative of -2*h**2 - 14*h + 2. Let o = 40 + -46. What is the remainder when 28 is divided by u(o)?
8
Let h = 74 + -58. What is the remainder when 75 is divided by h?
11
Let a(o) = 34*o**2 + 19*o - 99. Calculate the remainder when a(4) is divided by 29.
28
Let b = -680 - -682. Let y = 357 + -177. Suppose 2*o - y = -b*o. What is the remainder when o is divided by 8?
5
Let g(k) = -k**3 - 11*k**2 - 13*k - 10. Let a = -2 - 8. Let j be g(a). Suppose -2*s - j = -3*s. What is the remainder when 78 is divided by s?
18
Let c = -50 + 59. Suppose -f + 12 = -c. What is the remainder when 83 is divided by f?
20
Let x(p) = p**3 + 8*p**2 - 9*p - 61. Let u = 4 - 2. What is the remainder when x(-8) is divided by u?
1
Suppose -6*c = -2*c + 3*n + 27, 5*c + 25 = -2*n. Calculate the remainder when (-5 - c) + 4 - -38 is divided by 9.
4
Suppose 4*p - 439 = -5*x, 0*p + 82 = x - 5*p. Suppose -4*l = 2*t - 76, 2*t - 18 = l + 38. Calculate the remainder when x is divided by t.
27
Let g = 104 - 101. Suppose g*z - 13 = z - l, -25 = -5*l. Calculate the remainder when 18 is divided by z.
2
Suppose -3*w + 28 = -20. Let m = 64 - 17. Calculate the remainder when m is divided by w.
15
Suppose 30 = 5*b - 18*k + 13*k, 0 = -2*k - 4. What is the remainder when 58 is divided by b?
2
Let r(d) = -d**3 + 8*d**2 - d - 8. Calculate the remainder when 133 is divided by r(7).
31
Suppose -32 = -3*n + 1. Suppose n = 5*x - c - 5, -8 = -4*x - 4*c. Suppose -5*d + 5*j = -31 - 4, 5*j + 5 = -5*d. Calculate the remainder when d is divided by x.
0
Suppose -n + 168 = 5*a, -n + 23 = 4*a - 111. What is the remainder when 65 is divided by a?
31
Let b be 1/((4/(-184))/(0 - -1)). Let s = b - -81. What is the remainder when s is divided by 9?
8
Let v = 676 - 645. Suppose 0 = 2*u - 11*f + 6*f - 186, -3*f = 4*u - 346. What is the remainder when u is divided by v?
26
Let i be (-1704)/10 - (-9)/(-15). Let o be i/(-12)*32/12. Let h = o - 22. What is the remainder when 30 is divided by h?
14
Suppose 0 = -0*t + 11*t - 44. Suppose -5 = a + 4*k, k = 8*a - 3*a - 80. What is the remainder when a is divided by t?
3
Let o be (-2)/(-10) + ((-2064)/(-5))/(-4). Let m = o + 126. What is the remainder when 90 is divided by m?
21
Let s = -104 + 124. What is the remainder when (5/15)/(2/822) is divided by s?
17
Suppose 4*t = 2*p - 46, -p + 0*t = 3*t - 13. Let v = 95 - 159. Calculate the remainder when ((-27)/(-4))/((-8)/v) is divided by p.
16
Calculate the remainder when 262 is divided by ((-22)/4)/(2/(-4)).
9
Let r = 2693 - 2202. Calculate the remainder when r is divided by 125.
116
Let v be (-4)/(-14) + (-12)/42. Suppose v = -k + 52 + 28. Suppose -2*c + 38 + k = 0. What is the remainder when c is divided by 15?
14
Calculate the remainder when 63 is divided by (-10)/6 + 1/(-3) - -19.
12
Suppose 2726*u + 296 = 2734*u. What is the remainder when u is divided by 3?
1
Let f(y) = 10*y + 18. What is the remainder when f(9) is divided by 11?
9
Let g = -30 - -24. Suppose -5*s + 3*n = -6 - 7, -n = -s + 3. Calculate the remainder when 34 is divided by (s + 69/g)*-2.
15
Calculate the remainder when 58 is divided by 16 - (-8 + (3 - -3)) - 3.
13
Suppose 0 = 2*y - 4 - 0. Suppose y*v = 7*v - 10. Suppose 3*m = -9, -v*m - 106 = -x - x. What is the remainder when x is divided by 13?
11
What is the remainder when ((-4)/(-22))/1 + (-1241)/(-11) is divided by 12?
5
Let p(a) be the first derivative of 1 - 5/2*a**2 + 1/4*a**4 - 2*a - a**3. What is the remainder when 67 is divided by p(5)?
21
Suppose -4*v + 13 - 5 = 0. Suppose -l + 5 - 4 = 2*h, -11 = -3*l + v*h. Suppose g = l*g - 28. What is the remainder when g is divided by 4?
2
Let j(o) = -o**3 - o**2 - 2*o. Let u be j(-2). Suppose -5*x = 3*g + 6 - 3, x + 15 = 3*g. Calculate the remainder when ((-28)/10)/(u/(-40)) is divided by g.
2
Suppose 0 = -3*n - 7 + 49. What is the remainder when n is divided by 10?
4
Suppose w = 4*z - 44, 4 = -2*z + 4*w + 12. Suppose 3*d + 314 + 24 = 2*y, d = 2*y - 334. Calculate the remainder when y is divided by z.
10
Suppose 0*p + 3*p = -2*q + 419, 0 = -3*p + 5*q + 412. What is the remainder when p is divided by 20?
19
Let r be -1 - 0 - (16 - 17). Suppose 0 = -3*j - 6, 0 = -3*x + 4*j - 1. Calculate the remainder when 21 is divided by r + -3*4/x.
1
Suppose -4*k = -11*k + 392. Suppose -33*b + 29*b = -k. What is the remainder when b is divided by 8?
6
What is the remainder when ((-10052)/(-63))/((-30)/(-135)) is divided by 24?
22
Let a be -3 + -14 + (-6)/(-2). Let h = -1 - a. Calculate the remainder when 24 is divided by h.
11
Let s(w) be the third derivative of -w**6/120 - w**5/5 - 7*w**4/12 - w**3/2 - 10*w**2. What is the remainder when s(-11) is divided by (2*11